se -8*x - 285 = -11*x. Let b(a) = a + 5. Let z be b(14). What is the highest common factor of x and z?
19
Let u be (40/18)/((-104)/(-468)). What is the greatest common divisor of u and 1630?
10
Let t(a) = -2*a**3 - 23*a**2 - 10*a + 20. Let d be t(-11). Calculate the highest common factor of d and 207.
9
Let u = 109 + 210. Calculate the highest common divisor of 11 and u.
11
Suppose -2*d + 38 = -3*f - 241, 2*d = 2*f + 276. Calculate the highest common factor of 495 and d.
45
Let w(v) = 3*v**3 - 3*v**2 + v + 5. Let u be w(4). Calculate the greatest common divisor of 17 and u.
17
Suppose 7*m - 1 = 13. Let t(s) = 33*s**2 - 5*s + 8. Let d be t(m). Calculate the highest common factor of 26 and d.
26
Let x be (2/4)/(4/8) + 4. Suppose -o + 7*q = 4*q - 42, o = x*q + 34. Calculate the highest common factor of o and 6.
6
Let d(m) = -m**2 - 6*m + 9. Let v be d(-6). Let o = 47 + v. What is the greatest common factor of 84 and o?
28
Let c = 53 - 31. Let s be c - 1*(3 + -5). Let m(r) = r**2 - r + 1. Let a be m(2). What is the greatest common divisor of s and a?
3
Let d be -3*(-1 + -1)*(-37)/(-74). Suppose -4*g = -3*x - 128, 5*g - d*g = -4*x + 86. What is the greatest common factor of g and 7?
7
Let n(p) = -p**2 - 13*p - 16. Let x be 30 + (-5 - -3) - -2. Let v be (-110)/x*3/1. Let a be n(v). Calculate the greatest common factor of 4 and a.
2
Let f be 2/7 - (-120)/21. Let a = -3 - -21. Suppose -4*v + 7*v - a = 0. Calculate the greatest common factor of f and v.
6
Let l be 2/8 - 5/20. Let v = l + 24. Suppose -v = -4*p + 156. Calculate the greatest common divisor of 15 and p.
15
Suppose -3*b + 3 = -3*s, -5*s + 19 - 6 = b. Suppose 22 = 3*f + f - 2*x, 6 = -3*f - 3*x. What is the greatest common factor of f and s?
1
Let f(g) = 2*g**3 + g**2 + g + 2. Let k be f(2). Let b be ((-3)/(-9))/((-6)/(-270)). Suppose -3*m + b = -3. Calculate the greatest common divisor of k and m.
6
Let v(p) = -p**3 - 6*p**2 - 8*p - 8. Let n be v(-3). Let z(q) = q**3 + 11*q**2 - 2*q + 13. Let t be z(n). What is the highest common divisor of t and 315?
35
Suppose 4*i + 28 = 11*i. Let d be 781/i - (-5)/(-20). What is the greatest common divisor of d and 39?
39
Suppose 2*c = c + 1. Let u = -1 + c. Suppose 5*g + 5*i - i - 86 = u, 57 = 3*g - 3*i. Calculate the highest common factor of 27 and g.
9
Suppose 3*d - 5*d = -3*t + 620, -3*t = 4*d - 632. What is the greatest common factor of t and 26?
26
Suppose 0 = 3*b - u - 296, -4*b - 4*u = -u - 399. Calculate the greatest common divisor of 77 and b.
11
Suppose -40 = -34*w + 14*w. Suppose 0 = -3*c + 11 + 1. Calculate the greatest common factor of w and c.
2
Suppose -2*y - 3*y - 10 = -2*x, -2*x + 3*y = -6. Suppose x = 4*k - 32. Let w be (-15)/((60/k)/(-5)). What is the highest common divisor of 40 and w?
10
Suppose -13*v = -15*v - 166. Let c = -74 - v. What is the highest common divisor of 15 and c?
3
Let x(n) = -n - 76. Let t be x(0). Let o = 148 + t. Calculate the greatest common divisor of o and 8.
8
Let j be 43 - 18/(-30)*-5. What is the highest common divisor of j and 360?
40
Suppose 3*d = 285 + 720. Suppose 5*o = 3*x - d, -2*o - 95 = -4*x + 347. What is the greatest common divisor of 11 and x?
11
Suppose 0 = k + 39 + 11. Let f = 26 + k. Let j = f + 35. Calculate the highest common factor of 22 and j.
11
Let u = 21 + 23. Let h(i) = 2*i**2 - 15*i - 11. Let s be h(11). Calculate the greatest common factor of s and u.
22
Let a = -20 + 25. Suppose -a*s + 301 = 71. What is the highest common factor of 115 and s?
23
Let d be ((-72)/(-32))/((-6)/(-496)). Calculate the greatest common divisor of d and 31.
31
Let p = 320 + -298. Calculate the greatest common divisor of p and 154.
22
Let m be (-3)/(3 - 80/25). Suppose 0 = -a + 5*h + 12, -3*h = -8*h. Suppose -m = -4*i + s, 0*s = 3*i - s - a. Calculate the greatest common divisor of i and 15.
3
Let d = 161 + -152. Let l(n) = 2*n**2 - n. Let m be l(-1). Calculate the greatest common divisor of m and d.
3
Suppose 3*t - 67 = -2*t - z, 5*t + 5*z = 55. Let u = t - 13. Suppose 10 = 5*h - 2*k, 5*k + 3 + u = 2*h. What is the greatest common divisor of 1 and h?
1
Suppose 11*h - 2733 = -1963. What is the greatest common divisor of h and 434?
14
Let m(s) = 13*s + 188. Let c be m(-14). Calculate the greatest common divisor of 1194 and c.
6
Let z = -39 - -64. Let t = -23 + z. Suppose -4*v - v = t*g - 28, 52 = 2*g - v. What is the highest common factor of g and 6?
6
Let c be (-4)/4*52*-12. Calculate the highest common factor of 26 and c.
26
Suppose 6*x = 2*x + 12. Let w(f) = 2*f**3 - f**2 - f**3 - f**x - f**3 + 3. Let d be w(0). What is the greatest common divisor of d and 9?
3
Let c = -604 - -708. Calculate the greatest common factor of 40 and c.
8
Suppose -5*w = -6 + 56. Let s be 4/w - 102/(-5). Suppose -c + 3*v + 115 = 0, -3*c + 4*v + 320 = -0*c. Calculate the highest common divisor of s and c.
20
Let g be (-21250)/(-45) - (-4)/(-18). Suppose 4*o + 2856 = -g. Let q be ((-5)/4)/(13/o). What is the greatest common factor of q and 8?
8
Let s = -2383 + 2401. Suppose 11 + 11 = 5*j - 2*f, 4*f = 5*j - 24. Suppose -a - 15 = 4*a, -3*d + 24 = j*a. What is the highest common divisor of s and d?
6
Let i be (-1)/(-3 - 21/(-6)). Let c be (12/3)/1 + i. Let t(m) = m**3 + 4*m**2 - 2*m + 3. Let z be t(-3). What is the highest common factor of c and z?
2
Let h = -47 + 55. Let l be (-11)/(-2) - (0 + (-4)/h). What is the highest common divisor of 6 and l?
6
Let x(o) = 70*o - 262. Let t be x(4). What is the greatest common factor of 12 and t?
6
Suppose 0 = 2*o - 19 - 51. Let d be (8 + 0 + (-6)/2)/1. Calculate the greatest common factor of d and o.
5
Suppose -9*u = -821 + 749. What is the highest common factor of 72 and u?
8
Let n be (-58500)/(-525)*(-7)/(-2). What is the greatest common factor of 156 and n?
78
Let c = -85 + 169. What is the greatest common divisor of c and 96?
12
Suppose 5*a - 477 = 3*z - 1446, -2*z - 2*a = -646. Calculate the greatest common divisor of 85 and z.
17
Let h = -11 + 19. Suppose -23 - 7 = 5*j. Let x(f) = f**2 + 9*f + 20. Let u be x(j). Calculate the greatest common factor of h and u.
2
Suppose -2*u = u - 27. Let k be (39 - 1)*-3*u/(-27). What is the greatest common divisor of k and 19?
19
Suppose -o - 2*o + 7 = -4*s, -2*o + 6 = -4*s. Let j be 7 - o/((-5)/(-25)). Calculate the greatest common divisor of 9 and j.
1
Let o = -116 - -241. Suppose h = -11 + 36. What is the highest common factor of o and h?
25
Let h = -927 - -951. What is the greatest common divisor of 2 and h?
2
Let z(d) = d**3 + 16*d**2 + 7*d - 29. Suppose 70*w + 28 = 68*w. Let k be z(w). Calculate the highest common divisor of k and 53.
53
Suppose 2872 = 25*n + 622. Calculate the highest common divisor of 315 and n.
45
Suppose 11*r - 7*r = 20. Suppose r = 2*g - 17. Suppose -5*l = -3 - 2. What is the highest common divisor of g and l?
1
Let t(z) = -z**2 + 0*z + 5*z**2 + 4 - 6*z + z. Let s be t(7). Calculate the highest common factor of 15 and s.
15
Let k be 50/3 + (-2)/(-6). Suppose r - 204 = 2*g, -3*g + 5*r - 183 - 137 = 0. Let h = g + 236. What is the greatest common divisor of h and k?
17
Let c(j) = -j**3 - 13*j**2 + 13*j + 16. Let u be c(-14). What is the greatest common divisor of u and 465?
15
Let h be (-58 + 39)/((-2)/14) - 7. Let v be 2*(6 + (-1)/(-1)). Calculate the highest common divisor of v and h.
14
Let i be 24/16*(-32)/6. Let j(c) = -7*c + 21. Let t be j(i). Suppose z + 10 = -5*g + 2, 2*g = -2*z + 8. Calculate the highest common divisor of z and t.
7
Suppose -3*f = 4*y - 420, -6*f + 291 = -4*f - y. What is the greatest common divisor of 1368 and f?
72
Suppose 3*o = 8*o. Suppose o = 6*w - w - 130. Calculate the greatest common factor of 104 and w.
26
Let z(d) = -d - 1 - 9 - 1. Let i be z(-5). Let v be (-3)/9 - 44/i. Calculate the greatest common divisor of 49 and v.
7
Let f(j) = 2*j + 4 + 4*j - 4. Let i = -5 - -7. Let x be f(i). What is the greatest common divisor of x and 108?
12
Let s(w) = -45*w + 335. Let i be s(7). What is the highest common divisor of i and 590?
10
Let c = -3 - 3. Let o(y) = -3*y - 14. Let u be o(c). Suppose -j = -3*p - 48, -u*j = -p + 60 - 208. What is the highest common divisor of 9 and j?
9
Suppose 0 = -4*w - 15 + 7. Let m be -2 - 36/(w/1). Let r be (-1)/(-1)*-1 - -3. What is the greatest common factor of r a